- -4?
-836488505
In base 11, what is -18a8717 - 28?
-18a8744
In base 6, what is -34 - -54140341?
54140303
In base 4, what is 30100 + 33101220?
33131320
In base 12, what is 17 - -5b50?
5b67
In base 7, what is -62305422 - -51?
-62305341
In base 12, what is 851 - 3729?
-2a98
In base 10, what is -92 - 32494?
-32586
In base 10, what is 2203 + -38526?
-36323
In base 6, what is 22425215 - 13?
22425202
In base 3, what is -10000022121210 - 21?
-10000022122001
In base 6, what is 1044040 + 2235?
1050315
In base 11, what is a582663 + -3?
a582660
In base 2, what is -101101111101110111 - 11001001?
-101110000001000000
In base 4, what is 2120 - -133133333?
133202113
In base 12, what is -717a095a + -3?
-717a0961
In base 7, what is -525244 + -4012?
-532256
In base 3, what is 12102010 + -21022021200?
-21002212120
In base 5, what is -312 + 12003111?
12002244
In base 9, what is 0 - -8554773?
8554773
In base 5, what is 401040223 - -2134?
401042412
In base 8, what is -252 - -10271442?
10271170
In base 11, what is 17 + 128a1a0?
128a207
In base 11, what is -984851 - -4?
-984848
In base 4, what is 1201311 + -132102?
1003203
In base 6, what is 2103 - 21102122?
-21100015
In base 12, what is 147065 - -20?
147085
In base 7, what is 22 - 5025220?
-5025165
In base 12, what is -43 + -3a468?
-3a4ab
In base 8, what is 0 - 225242017?
-225242017
In base 7, what is -6 - 641305665?
-641306004
In base 10, what is -1174 + 149486?
148312
In base 6, what is -5 + -1131042133?
-1131042142
In base 9, what is 176718514 - 5?
176718508
In base 14, what is 1210b34 - -7?
1210b3b
In base 13, what is -21638a + 1a?
-216370
In base 5, what is 4224210 - -132240?
4412000
In base 10, what is 11 + -499835?
-499824
In base 14, what is -589a + -1728?
-71c4
In base 7, what is -11642144 + 15?
-11642126
In base 14, what is b46d3 + 1cb?
b48c0
In base 12, what is 2 + -43b363?
-43b361
In base 16, what is 2a3e6 - -1231?
2b617
In base 15, what is 175c9 - -404?
179cd
In base 8, what is -162 - -5303?
5121
In base 9, what is 163251 - -5?
163256
In base 13, what is b0076 - 42?
b0034
In base 15, what is 50a - 9853c?
-98032
In base 10, what is 861 - 79?
782
In base 5, what is -132202113 + -2401?
-132210014
In base 8, what is 2745461 - 2?
2745457
In base 7, what is -220223155 - 3?
-220223161
In base 5, what is -11 - -2111402102?
2111402041
In base 15, what is 177ea64 - -10?
177ea74
In base 15, what is -256e + 811?
-1c5d
In base 16, what is 3 + -14674dff?
-14674dfc
In base 5, what is 4 - 120202341431?
-120202341422
In base 14, what is 1 - 9c6110?
-9c610d
In base 13, what is -1b46c + 44c?
-1b020
In base 8, what is 107143414 + -3?
107143411
In base 7, what is -3345 + -141242?
-144620
In base 7, what is 12666 + -1610?
11056
In base 15, what is -ca5c7 - 146?
-ca71d
In base 16, what is 0 - -f58d657?
f58d657
In base 14, what is a - 280b63c?
-280b632
In base 12, what is -266b0612 - -3?
-266b060b
In base 2, what is -10000110000010111 - 11100?
-10000110000110011
In base 7, what is -130052624 + 145?
-130052446
In base 5, what is -3010024341102 - -3?
-3010024341044
In base 3, what is -1 + -1001010011110111?
-1001010011110112
In base 15, what is -3b + -115d05?
-115d41
In base 3, what is 21 + 12102101200122?
12102101200220
In base 2, what is -10001100101111110011011111 + -101?
-10001100101111110011100100
In base 13, what is 3 + 10b3144?
10b3147
In base 9, what is -346083866 + -6?
-346083873
In base 15, what is 34 - 2a93c?
-2a908
In base 11, what is -1500 + -4a291?
-50791
In base 2, what is -1011111000101110110011000100 - -1?
-1011111000101110110011000011
In base 2, what is 11101001 + -100010110001100?
-100010010100011
In base 4, what is -10132322221 + 210?
-10132322011
In base 6, what is 153 - 1153022151?
-1153021554
In base 13, what is -4936ab + 4?
-4936a7
In base 14, what is 13c - -8234?
8372
In base 13, what is 52b593 - 2?
52b591
In base 5, what is -1004413211102 + -2?
-1004413211104
In base 11, what is -1 - 5715124a?
-57151250
In base 2, what is 111000111110101 - -100110010?
111001100100111
In base 8, what is 5436370 + 0?
5436370
In base 6, what is -14 - 12423534?
-12423552
In base 5, what is -1004432 + 4140?
-1000242
In base 16, what is 2 + 84c682?
84c684
In base 4, what is -22012030122 + 20021?
-22012010101
In base 5, what is 13 - 11404343?
-11404330
In base 16, what is 46 - 44d4ac?
-44d466
In base 11, what is -3093 - -23?
-3070
In base 8, what is 330273654 - 3?
330273651
In base 7, what is -326555310 - 2?
-326555312
In base 10, what is 249499 - -9?
249508
In base 12, what is -28b9 - -351b?
822
In base 2, what is 11001000011100111011111 - 10?
11001000011100111011101
In base 14, what is -3d778c9 - -1?
-3d778c8
In base 9, what is -22 + 1327622?
1327600
In base 15, what is 4ad3 + 2b2?
4d95
In base 2, what is -10010010111110111010 - -100010?
-10010010111110011000
In base 7, what is -101035 + -6113?
-110151
In base 15, what is 6 - 10b052?
-10b04b
In base 4, what is -12100030 - -103033?
-11330331
In base 7, what is -1 - -1613226?
1613225
In base 4, what is 112 - -231203321?
231210033
In base 3, what is 21011 - -1111202112?
1112000200
In base 11, what is -8194 + 741?
-7553
In base 9, what is 178610161 - 0?
178610161
In base 4, what is -101 - 10231300213031?
-10231300213132
In base 4, what is 2 + -100233033232331?
-100233033232323
In base 15, what is 2924 + 99c?
33c1
In base 13, what is -19c8 - 45a33?
-4772b
In base 12, what is a1 - -2baa1?
2bb82
In base 11, what is -303896 + 184?
-303712
In base 9, what is -30547 - 255?
-30813
In base 4, what is 1 - 2102313013?
-2102313012
In base 9, what is -283 - 1625400?
-1625683
In base 5, what is -1132331 + 143122?
-434204
In base 5, what is 1223320001 + 1131?
1223321132
In base 11, what is 1657 - -1055?
2701
In base 5, what is 111221222 + 41?
111221313
In base 10, what is 40 - -419964?
420004
In base 16, what is -fd3c094 + -1?
-fd3c095
In base 8, what is 7 + 73226724?
73226733
In base 8, what is -3 - -25046556?
25046553
In base 13, what is 0 + 8921a9?
8921a9
In base 7, what is 12241222 - 221?
12241001
In base 3, what is 202010211200 + 22012?
202011010212
In base 14, what is 648d39 - 4?
648d35
In base 6, what is -1 + 5235451023?
5235451022
In base 6, what is 3 + -34204114?
-34204111
In base 3, what is -2210021 - 1010102220?
-1020020011
In base 15, what is -15e79 + 4b?
-15e2d
In base 5, what is -10230434342 - -44?
-10230434243
In base 8, what is 307620505 - 21?
307620464
In base 5, what is -4 - -401142431?
401142422
In base 9, what is -13642 - 4068?
-17721
In base 9, what is -1424555002 + -3?
-1424555005
In base 3, what is 21 - -12110101222100?
12110101222121
In base 4, what is -2 - -20122300000?
20122233332
In base 13, what is 1394 + -7a2?
8c2
In base 5, what is 342 - 3143042?
-3142200
In base 14, what is cb80384 + -5?
cb8037d
In base 3, what is -12 - -100222112012000?
100222112011211
In base 11, what is 6 + -272692?
-272687
In base 15, what is -b82cb + -5?
-b82d1
In base 6, what is -15540 - -122223?
102243
In base 2, what is -100 + 1100110010111101111100?
1100110010111101111000
In base 12, what is -10008 - -9727?
-24a1
In base 4, what is 203023322 + -11331?
203011331
In base 7, what is -4 - -305451452?
305451445
In base 5, what is 21441333440 - -3?
21441333443
In base 4, what is -21002021121 - -3?
-21002021112
In base 8, what is 5770717 + -1?
5770716
In base 5, what is -11130130 + -314243?
-11444423
In base 15, what is -211 + 4448?
4237
In base 7, what is 43116413 + -45?
43116335
In base 9, what is -16235 - -5435?
-10700
In base 15, what is 163d9db + 27?
163da13
In base 5, what is -20 - 12131340121?
-12131340141
In base 5, what is -101431211 + -34?
-101431300
In base 15, what is 5 + 14142d9?
14142de
In base 16, what is -33 + -5ef5?
-5f28
In base 14, what is -3 - -23aa6d?
23aa6a
In base 11, what is -12360 - -249?
-12112
In base 13, what is 3a + 762295?
762302
In base 3, what is 120011120 + 10201101?
200212221
In base 5, what is 3 + -111331144223?
-111331144220
In base 2, what is -1010011101 + 1001101100101?
1000011001000
In base 2, what is 11010111 - -11001001110010110000111?
11001001110011001011110
In base 10, what is 83 + -5044732?
-5044649
In base 14, what is b7 + -1c844?
-1c76b
In base 16, what is 79 - -46ae4?
46b5d
In base 2, what is 10100100011010000010110 - 11?
101001000110100000100